11839
List the prime factors of 4668.
2, 3, 389
List the prime factors of 20463.
3, 19, 359
What are the prime factors of 2271?
3, 757
What are the prime factors of 4821?
3, 1607
List the prime factors of 787.
787
What are the prime factors of 788?
2, 197
List the prime factors of 467.
467
What are the prime factors of 11693?
11, 1063
What are the prime factors of 50839?
50839
What are the prime factors of 1126?
2, 563
List the prime factors of 89843.
13, 6911
What are the prime factors of 730?
2, 5, 73
List the prime factors of 2419.
41, 59
List the prime factors of 471.
3, 157
List the prime factors of 1607.
1607
List the prime factors of 5905.
5, 1181
What are the prime factors of 13586?
2, 6793
What are the prime factors of 5549?
31, 179
List the prime factors of 13570.
2, 5, 23, 59
List the prime factors of 148573.
148573
What are the prime factors of 3958?
2, 1979
What are the prime factors of 33358?
2, 13, 1283
List the prime factors of 21412.
2, 53, 101
List the prime factors of 107316.
2, 3, 11, 271
What are the prime factors of 104?
2, 13
List the prime factors of 1014.
2, 3, 13
List the prime factors of 1208.
2, 151
List the prime factors of 6011.
6011
List the prime factors of 1439.
1439
What are the prime factors of 8332?
2, 2083
List the prime factors of 1727.
11, 157
List the prime factors of 482.
2, 241
What are the prime factors of 929?
929
List the prime factors of 4284.
2, 3, 7, 17
List the prime factors of 439.
439
List the prime factors of 8010.
2, 3, 5, 89
List the prime factors of 48707.
53, 919
List the prime factors of 4225.
5, 13
List the prime factors of 886.
2, 443
List the prime factors of 74675.
5, 29, 103
What are the prime factors of 27714?
2, 3, 31, 149
What are the prime factors of 359?
359
What are the prime factors of 939?
3, 313
List the prime factors of 3584.
2, 7
What are the prime factors of 72338?
2, 7, 5167
List the prime factors of 36869.
7, 23, 229
What are the prime factors of 3840?
2, 3, 5
What are the prime factors of 49?
7
List the prime factors of 129.
3, 43
List the prime factors of 18.
2, 3
List the prime factors of 51124.
2, 12781
List the prime factors of 14956.
2, 3739
What are the prime factors of 11061?
3, 1229
List the prime factors of 1921.
17, 113
List the prime factors of 2651.
11, 241
What are the prime factors of 104028?
2, 3, 8669
What are the prime factors of 11772?
2, 3, 109
What are the prime factors of 9444?
2, 3, 787
What are the prime factors of 4293?
3, 53
What are the prime factors of 1050?
2, 3, 5, 7
What are the prime factors of 114?
2, 3, 19
What are the prime factors of 982?
2, 491
List the prime factors of 2888.
2, 19
What are the prime factors of 2333?
2333
What are the prime factors of 18372?
2, 3, 1531
List the prime factors of 7755.
3, 5, 11, 47
What are the prime factors of 6687?
3, 743
What are the prime factors of 2897?
2897
What are the prime factors of 582?
2, 3, 97
List the prime factors of 827.
827
List the prime factors of 66919.
66919
What are the prime factors of 6127?
11, 557
What are the prime factors of 39440?
2, 5, 17, 29
List the prime factors of 916.
2, 229
List the prime factors of 12657.
3, 4219
List the prime factors of 108761.
108761
List the prime factors of 9648.
2, 3, 67
What are the prime factors of 9519?
3, 19, 167
List the prime factors of 30364.
2, 7591
List the prime factors of 55022.
2, 11, 41, 61
What are the prime factors of 13218?
2, 3, 2203
What are the prime factors of 4159?
4159
List the prime factors of 813.
3, 271
What are the prime factors of 6840?
2, 3, 5, 19
What are the prime factors of 77392?
2, 7, 691
List the prime factors of 17901.
3, 13, 17
List the prime factors of 17306.
2, 17, 509
What are the prime factors of 1025?
5, 41
List the prime factors of 100970.
2, 5, 23, 439
List the prime factors of 524.
2, 131
What are the prime factors of 423?
3, 47
List the prime factors of 6446.
2, 11, 293
List the prime factors of 10731.
3, 7, 73
List the prime factors of 12271.
7, 1753
List the prime factors of 24631.
24631
List the prime factors of 5507.
5507
List the prime factors of 37592.
2, 37, 127
What are the prime factors of 955?
5, 191
What are the prime factors of 44530?
2, 5, 61, 73
List the prime factors of 28633.
11, 19, 137
What are the prime factors of 746?
2, 373
What are the prime factors of 843?
3, 281
What are the prime factors of 47393?
83, 571
What are the prime factors of 34295?
5, 19
What are the prime factors of 16466?
2, 8233
List the prime factors of 66689.
7, 1361
What are the prime factors of 1256?
2, 157
List the prime factors of 8001.
3, 7, 127
What are the prime factors of 44035?
5, 8807
What are the prime factors of 45784?
2, 59, 97
What are the prime factors of 32329?
11, 2939
What are the prime factors of 2880?
2, 3, 5
What are the prime factors of 12316?
2, 3079
What are the prime factors of 3381?
3, 7, 23
What are the prime factors of 130691?
11, 109
What are the prime factors of 6946?
2, 23, 151
What are the prime factors of 2666?
2, 31, 43
List the prime factors of 4167.
3, 463
List the prime factors of 54114.
2, 3, 29, 311
What are the prime factors of 123016?
2, 15377
List the prime factors of 3080.
2, 5, 7, 11
List the prime factors of 6248.
2, 11, 71
List the prime factors of 19745.
5, 11, 359
List the prime factors of 10315.
5, 2063
What are the prime factors of 1675?
5, 67
What are the prime factors of 4282?
2, 2141
List the prime factors of 23553.
3, 2617
What are the prime factors of 738?
2, 3, 41
List the prime factors of 1819.
17, 107
What are the prime factors of 1157?
13, 89
What are the prime factors of 9155?
5, 1831
List the prime factors of 3706.
2, 17, 109
List the prime factors of 899.
29, 31
What are the prime factors of 16784?
2, 1049
What are the prime factors of 2969?
2969
List the prime factors of 25348.
2, 6337
What are the prime factors of 8368?
2, 523
List the prime factors of 60193.
7, 8599
List the prime factors of 2235.
3, 5, 149
What are the prime factors of 14124?
2, 3, 11, 107
What are the prime factors of 1658?
2, 829
List the prime factors of 15092.
2, 7, 11
List the prime factors of 5415.
3, 5, 19
List the prime factors of 16874.
2, 11, 13, 59
List the prime factors of 67983.
3, 17, 31, 43
List the prime factors of 111526.
2, 55763
What are the prime factors of 127619?
17, 7507
What are the prime factors of 566?
2, 283
List the prime factors of 24467.
43, 569
List the prime factors of 10155.
3, 5, 677
List the prime factors of 931.
7, 19
What are the prime factors of 68733?
3, 7, 1091
List the prime factors of 7159.
7159
List the prime factors of 18577.
13, 1429
What are the prime factors of 4380?
2, 3, 5, 73
What are the prime factors of 56071?
47, 1193
What are the prime factors of 507?
3, 13
What are the prime factors of 100?
2, 5
List the prime factors of 16227.
3, 601
What are the prime factors of 58899?
3, 29, 677
List the prime factors of 2319.
3, 773
What are the prime factors of 13034?
2, 7, 19
What are the prime factors of 1391?
13, 107
List the prime factors of 2431.
11, 13, 17
List the prime factors of 1661.
11, 151
List the prime factors of 6190.
2, 5, 619
What are the prime factors of 1463?
7, 11, 19
List the prime factors of 1020.
2, 3, 5, 17
List the prime factors of 9703.
31, 313
What are the prime factors of 5361?
3, 1787
List the prime factors of 4507.
4507
What are the prime factors of 8920?
2, 5, 223
List the prime factors of 10271.
10271
List the prime factors of 9432.
2, 3, 131
List the prime factors of 42237.
3, 13, 19
What are the prime factors of 163?
163
List the prime factors of 5648.
2, 353
What are the prime factors of 101361?
3, 13, 23, 113
List the prime factors of 1599.
3, 13, 41
List the prime factors of 277.
277
List the prime factors of 77559.
3, 103, 251
List the prime factors of 32697.
3, 7, 173
What are the prime factors of 10473?
3, 3491
What are the prime factors of 9179?
67, 137
What are the prime factors of 46776?
2, 3, 1949
List the prime factors of 8301.
3, 2767
List the prime factors of 304.
2, 19
What are the prime factors of 29041?
113, 257
List the prime factors of 316.
2, 79
List the prime factors of 879.
3, 293
List the prime factors of 63887.
29, 2203
What are the prime factors of 5775?
3, 5, 7, 11
What ar